{"id":205,"date":"2022-12-05T23:51:23","date_gmt":"2022-12-05T22:51:23","guid":{"rendered":"https:\/\/skmkruszywa.pl\/?page_id=205"},"modified":"2022-12-06T00:02:09","modified_gmt":"2022-12-05T23:02:09","slug":"rozwoj-gospodarki-turystycznej-poprzez-budowe-10-domkow-letniskowych-wraz-z-zapleczem-rekreacyjno-turystycznym-w-ostrowie-warckim","status":"publish","type":"page","link":"https:\/\/skmkruszywa.pl\/index.php\/rozwoj-gospodarki-turystycznej-poprzez-budowe-10-domkow-letniskowych-wraz-z-zapleczem-rekreacyjno-turystycznym-w-ostrowie-warckim\/","title":{"rendered":"Rozw\u00f3j gospodarki turystycznej poprzez budow\u0119 10 domk\u00f3w letniskowych wraz z zapleczem rekreacyjno-turystycznym w Ostrowie Warckim"},"content":{"rendered":"<div class=\"wp-block-image\">\n<figure class=\"aligncenter size-large\"><img decoding=\"async\" loading=\"lazy\" width=\"1024\" height=\"114\" src=\"https:\/\/skmkruszywa.pl\/wp-content\/uploads\/2022\/05\/ciag-feprreg-rrp-wl-ueefrr-01-1024x114.jpg\" alt=\"\" class=\"wp-image-81\" srcset=\"https:\/\/skmkruszywa.pl\/wp-content\/uploads\/2022\/05\/ciag-feprreg-rrp-wl-ueefrr-01-1024x114.jpg 1024w, https:\/\/skmkruszywa.pl\/wp-content\/uploads\/2022\/05\/ciag-feprreg-rrp-wl-ueefrr-01-300x33.jpg 300w, https:\/\/skmkruszywa.pl\/wp-content\/uploads\/2022\/05\/ciag-feprreg-rrp-wl-ueefrr-01-768x86.jpg 768w, https:\/\/skmkruszywa.pl\/wp-content\/uploads\/2022\/05\/ciag-feprreg-rrp-wl-ueefrr-01-1536x171.jpg 1536w, https:\/\/skmkruszywa.pl\/wp-content\/uploads\/2022\/05\/ciag-feprreg-rrp-wl-ueefrr-01.jpg 1920w\" sizes=\"(max-width: 767px) 89vw, (max-width: 1000px) 54vw, (max-width: 1071px) 543px, 580px\" \/><figcaption class=\"wp-element-caption\"><br> <strong>Projekt nr WND-RPLD.06.02.01-10-0028\/20 pn.: \u201eRozw\u00f3j gospodarki turystycznej poprzez budow\u0119 10 domk\u00f3w letniskowych wraz z zapleczem rekreacyjno-turystycznym w Ostrowie Warckim\u201d jest wsp\u00f3\u0142finansowany przez Uni\u0119 Europejsk\u0105 z Europejskiego Funduszu Rozwoju Regionalnego w ramach Regionalnego Programu Operacyjnego Wojew\u00f3dztwa \u0141\u00f3dzkiego na lata 2014-2020<\/strong><\/figcaption><\/figure><\/div>\n\n\n<p>Celem projektu pn.: \u201d<strong>Rozw\u00f3j gospodarki turystycznej poprzez budow\u0119 10 domk\u00f3w letniskowych wraz z zapleczem rekreacyjno-turystycznym w Ostrowie Warckim<\/strong>\u201d jest wykorzystanie i rozw\u00f3j potencja\u0142u endogenicznego regionu \u0142\u00f3dzkiego opartego na walorach przyrodniczo-kulturowych, szczeg\u00f3lnie w aspekcie tworzenia warunk\u00f3w sprzyjaj\u0105cych rozwojowi gospodarki turystycznej, w tym powstawania nowych miejsc pracy.<\/p>\n\n\n\n<p>Cel g\u0142\u00f3wny projektu jest zgodny z za\u0142o\u017ceniami Regionalnego Programu Operacyjnego Wojew\u00f3dztwa \u0141\u00f3dzkiego na lata 2014-2020, O\u015b Priorytetowa VI Rewitalizacja i potencja\u0142 endogeniczny regionu, Dzia\u0142anie VI.2 Rozw\u00f3j gospodarki turystycznej, Poddzia\u0142anie VI.2.1 Rozw\u00f3j gospodarki turystycznej.<\/p>\n\n\n\n<p>Cel g\u0142\u00f3wny projektu zostanie osi\u0105gni\u0119ty poprzez realizacj\u0119 cel\u00f3w operacyjnych, do kt\u00f3rych nale\u017cy m.in.:<\/p>\n\n\n\n<ul>\n<li>rozbudow\u0119 obiektu hotelowego wraz z infrastruktur\u0105 techniczn\u0105 oraz zagospodarowaniem dzia\u0142ki;<\/li>\n\n\n\n<li>poszerzenie oferty Wnioskodawcy o nowe produkty turystyczne i us\u0142ugi turystyczne, w tym innowacyjne us\u0142ugi w skali wojew\u00f3dztwa z wykorzystaniem walor\u00f3w kulturowych i przyrodniczych regionu gminy Warta, a co za tym idzie poprawa dost\u0119pno\u015bci obiekt\u00f3w i atrakcji turystycznych;<\/li>\n\n\n\n<li>poprawa atrakcyjno\u015bci turystycznej gminy Warta skutkuj\u0105ca zwi\u0119kszeniem ruchu turystycznego nad Zbiornikiem Jeziorsko o ponad 5000 u\u017cytkownik\u00f3w w pierwszym roku i latach nast\u0119pnych;<\/li>\n\n\n\n<li>stworzenie przez Wnioskodawc\u0119 nowych miejsc pracy (10 EPC), bezpo\u015brednio w jego infrastrukturze;<\/li>\n\n\n\n<li>zwi\u0119kszenie atrakcyjno\u015bci inwestycyjnej gminy Warta;<\/li>\n\n\n\n<li>rozw\u00f3j sektora przedsi\u0119biorstw;<\/li>\n\n\n\n<li>wzrost aktywno\u015bci mieszka\u0144c\u00f3w gminy oraz regionu \u0142\u00f3dzkiego.<\/li>\n<\/ul>\n\n\n\n<h2 class=\"has-black-color has-text-color\"><strong>Grupa docelowa projektu:<\/strong><\/h2>\n\n\n\n<p>Odbiorcami projektu b\u0119d\u0105 g\u0142\u00f3wnie mieszka\u0144cy wojew\u00f3dztwa \u0142\u00f3dzkiego oraz wojew\u00f3dztwa wielkopolskiego. Bezpo\u015brednimi u\u017cytkownikami s\u0105 tury\u015bci w szacowanej liczbie 5100 os\u00f3b.<\/p>\n\n\n\n<h2 class=\"has-black-color has-text-color\"><strong>Zadania w ramach projektu:<\/strong><\/h2>\n\n\n\n<p>Zadanie 1 \u2013 Budowa 10 domk\u00f3w letniskowych oraz chaty grillowej w Ostrowie Warckim wraz z infrastruktur\u0105 techniczn\u0105 i rekreacyjn\u0105 (zaprojektuj-wybuduj).<br>Zadanie 2 \u2013 Koszty po\u015brednie.<\/p>\n\n\n\n<p><strong><u>Realizacja projektu:&nbsp; III kwarta\u0142 2020 roku &#8211; II kwarta\u0142 2023 roku.<\/u><\/strong><\/p>\n\n\n\n<h2 class=\"has-black-color has-text-color\"><strong>Warto\u015b\u0107 projektu<\/strong><\/h2>\n\n\n\n<p><strong>Ca\u0142kowita warto\u015b\u0107 projektu wynosi: 9 132 258,00 z\u0142 <\/strong>(s\u0142ownie: dziewi\u0119\u0107 milion\u00f3w sto trzydzie\u015bci dwa tysi\u0105ce dwie\u015bcie pi\u0119\u0107dziesi\u0105t osiem z\u0142 i 00\/100).<\/p>\n\n\n\n<p><strong>Warto\u015b\u0107 wydatk\u00f3w kwalifikowanych<\/strong> <strong>wynosi: 7 424 600,00 z\u0142 <\/strong>(s\u0142ownie: siedem milion\u00f3w czterysta dwadzie\u015bcia cztery tysi\u0105ce sze\u015b\u0107set z\u0142 i 00\/100).<\/p>\n\n\n\n<p><strong>Warto\u015b\u0107 dofinansowania ze \u015brodk\u00f3w UE z Europejskiego Funduszu Rozwoju Regionalnego w ramach Regionalnego Programu Operacyjnego Wojew\u00f3dztwa \u0141\u00f3dzkiego na lata 2014 -2020 wynosi: 4 112 330,00 z\u0142<\/strong>( s\u0142ownie: cztery miliony sto dwana\u015bcie tysi\u0119cy trzysta trzydzie\u015bci z\u0142 i 00\/100)<\/p>\n\n\n\n<p><strong>Wk\u0142ad w\u0142asny wnioskodawcy wynosi: 5 019 928,00 z\u0142 <\/strong>(s\u0142ownie: pi\u0119\u0107 milion\u00f3w dziewi\u0119tna\u015bcie tysi\u0119cy dziewi\u0119\u0107set dwadzie\u015bcia osiem z\u0142 i 00\/100).<\/p>\n","protected":false},"excerpt":{"rendered":"<p>Celem projektu pn.: \u201dRozw\u00f3j gospodarki turystycznej poprzez budow\u0119 10 domk\u00f3w letniskowych wraz z zapleczem rekreacyjno-turystycznym w Ostrowie Warckim\u201d jest wykorzystanie i rozw\u00f3j potencja\u0142u endogenicznego regionu \u0142\u00f3dzkiego opartego na walorach przyrodniczo-kulturowych, szczeg\u00f3lnie w aspekcie tworzenia warunk\u00f3w sprzyjaj\u0105cych rozwojowi gospodarki turystycznej, w tym powstawania nowych miejsc pracy. Cel g\u0142\u00f3wny projektu jest zgodny z za\u0142o\u017ceniami Regionalnego Programu Operacyjnego &hellip; <\/p>\n<p class=\"link-more\"><a href=\"https:\/\/skmkruszywa.pl\/index.php\/rozwoj-gospodarki-turystycznej-poprzez-budowe-10-domkow-letniskowych-wraz-z-zapleczem-rekreacyjno-turystycznym-w-ostrowie-warckim\/\" class=\"more-link\">Czytaj dalej<span class=\"screen-reader-text\"> \u201eRozw\u00f3j gospodarki turystycznej poprzez budow\u0119 10 domk\u00f3w letniskowych wraz z zapleczem rekreacyjno-turystycznym w Ostrowie Warckim\u201d<\/span><\/a><\/p>\n","protected":false},"author":2,"featured_media":0,"parent":0,"menu_order":0,"comment_status":"closed","ping_status":"closed","template":"","meta":[],"_links":{"self":[{"href":"https:\/\/skmkruszywa.pl\/index.php\/wp-json\/wp\/v2\/pages\/205"}],"collection":[{"href":"https:\/\/skmkruszywa.pl\/index.php\/wp-json\/wp\/v2\/pages"}],"about":[{"href":"https:\/\/skmkruszywa.pl\/index.php\/wp-json\/wp\/v2\/types\/page"}],"author":[{"embeddable":true,"href":"https:\/\/skmkruszywa.pl\/index.php\/wp-json\/wp\/v2\/users\/2"}],"replies":[{"embeddable":true,"href":"https:\/\/skmkruszywa.pl\/index.php\/wp-json\/wp\/v2\/comments?post=205"}],"version-history":[{"count":9,"href":"https:\/\/skmkruszywa.pl\/index.php\/wp-json\/wp\/v2\/pages\/205\/revisions"}],"predecessor-version":[{"id":220,"href":"https:\/\/skmkruszywa.pl\/index.php\/wp-json\/wp\/v2\/pages\/205\/revisions\/220"}],"wp:attachment":[{"href":"https:\/\/skmkruszywa.pl\/index.php\/wp-json\/wp\/v2\/media?parent=205"}],"curies":[{"name":"wp","href":"https:\/\/api.w.org\/{rel}","templated":true}]}}